{"id":154,"date":"2024-03-09T12:58:59","date_gmt":"2024-03-09T12:58:59","guid":{"rendered":"https:\/\/www.sneglehuset-privatpasningsordning.dk\/?page_id=154"},"modified":"2026-03-19T12:52:41","modified_gmt":"2026-03-19T12:52:41","slug":"elementor-154","status":"publish","type":"page","link":"https:\/\/www.sneglehuset-privatpasningsordning.dk\/","title":{"rendered":"Forside"},"content":{"rendered":"\t\t<div data-elementor-type=\"wp-page\" data-elementor-id=\"154\" class=\"elementor elementor-154\" data-elementor-post-type=\"page\">\n\t\t\t\t<header class=\"elementor-element elementor-element-4b659e39 e-con-full e-flex e-con e-parent\" data-id=\"4b659e39\" data-element_type=\"container\" data-e-type=\"container\">\n\t\t<div class=\"elementor-element elementor-element-7b3ed41b e-flex e-con-boxed e-con e-child\" data-id=\"7b3ed41b\" data-element_type=\"container\" data-e-type=\"container\">\n\t\t\t\t\t<div class=\"e-con-inner\">\n\t\t\t\t<div class=\"elementor-element elementor-element-3e372358 elementor-widget elementor-widget-heading\" data-id=\"3e372358\" data-element_type=\"widget\" data-e-type=\"widget\" data-widget_type=\"heading.default\">\n\t\t\t\t<div class=\"elementor-widget-container\">\n\t\t\t\t\t<h1 class=\"elementor-heading-title elementor-size-default\">Velkommen til Sneglehuset <\/h1>\t\t\t\t<\/div>\n\t\t\t\t<\/div>\n\t\t\t\t\t<\/div>\n\t\t\t\t<\/div>\n\t\t\t\t<\/header>\n\t\t<div class=\"elementor-element elementor-element-13318966 e-con-full e-flex e-con e-parent\" data-id=\"13318966\" data-element_type=\"container\" data-e-type=\"container\">\n\t\t<div class=\"elementor-element elementor-element-23004031 e-con-full e-flex e-con e-child\" data-id=\"23004031\" data-element_type=\"container\" data-e-type=\"container\">\n\t\t\t\t<div class=\"elementor-element elementor-element-50b52f0b elementor-widget elementor-widget-heading\" data-id=\"50b52f0b\" data-element_type=\"widget\" data-e-type=\"widget\" data-widget_type=\"heading.default\">\n\t\t\t\t<div class=\"elementor-widget-container\">\n\t\t\t\t\t<h3 class=\"elementor-heading-title elementor-size-default\">Sneglehuset<\/h3>\t\t\t\t<\/div>\n\t\t\t\t<\/div>\n\t\t\t\t<div class=\"elementor-element elementor-element-693f24bf elementor-widget__width-initial elementor-widget elementor-widget-text-editor\" data-id=\"693f24bf\" data-element_type=\"widget\" data-e-type=\"widget\" data-widget_type=\"text-editor.default\">\n\t\t\t\t<div class=\"elementor-widget-container\">\n\t\t\t\t\t\t\t\t\t<p>Sneglehuset<span class=\"Apple-converted-space\">\u00a0<\/span>er en privat pasningsordning beliggende i Nord Ringe, drevet af Pia \u2013 en erfaren og engageret privat b\u00f8rnepasser. I Sneglehuset l\u00e6gger jeg stor v\u00e6gt p\u00e5 at skabe et trygt, omsorgsfuldt og inspirerende milj\u00f8, hvor hvert enkelt barn trives og udvikler sig i sit eget tempo.<\/p><p>Jeg arbejder ud fra en p\u00e6dagogisk tilgang, hvor leg og kreativitet er i centrum, da jeg mener, at b\u00f8rn l\u00e6rer bedst gennem oplevelser, nysgerrighed og fantasi. Derfor tilbyder jeg en bred vifte af stimulerende aktiviteter, der underst\u00f8tter b\u00f8rnenes sociale, motoriske og sproglige udvikling.<\/p>\t\t\t\t\t\t\t\t<\/div>\n\t\t\t\t<\/div>\n\t\t\t\t<\/div>\n\t\t<div class=\"elementor-element elementor-element-71d767dc e-con-full e-flex e-con e-child\" data-id=\"71d767dc\" data-element_type=\"container\" data-e-type=\"container\" data-settings=\"{&quot;background_background&quot;:&quot;classic&quot;}\">\n\t\t\t\t<div class=\"elementor-element elementor-element-42f27902 elementor-widget elementor-widget-image\" data-id=\"42f27902\" data-element_type=\"widget\" data-e-type=\"widget\" data-widget_type=\"image.default\">\n\t\t\t\t<div class=\"elementor-widget-container\">\n\t\t\t\t\t\t\t\t\t\t\t\t\t\t\t<img fetchpriority=\"high\" decoding=\"async\" width=\"851\" height=\"1130\" src=\"https:\/\/www.sneglehuset-privatpasningsordning.dk\/wp-content\/uploads\/2025\/05\/image0000031.webp\" class=\"attachment-full size-full wp-image-313\" alt=\"\" srcset=\"https:\/\/www.sneglehuset-privatpasningsordning.dk\/wp-content\/uploads\/2025\/05\/image0000031.webp 851w, https:\/\/www.sneglehuset-privatpasningsordning.dk\/wp-content\/uploads\/2025\/05\/image0000031-226x300.webp 226w, https:\/\/www.sneglehuset-privatpasningsordning.dk\/wp-content\/uploads\/2025\/05\/image0000031-771x1024.webp 771w, https:\/\/www.sneglehuset-privatpasningsordning.dk\/wp-content\/uploads\/2025\/05\/image0000031-768x1020.webp 768w\" sizes=\"(max-width: 851px) 100vw, 851px\" \/>\t\t\t\t\t\t\t\t\t\t\t\t\t\t\t<\/div>\n\t\t\t\t<\/div>\n\t\t\t\t<\/div>\n\t\t\t\t<\/div>\n\t\t<div class=\"elementor-element elementor-element-7077bef4 e-flex e-con-boxed e-con e-parent\" data-id=\"7077bef4\" data-element_type=\"container\" data-e-type=\"container\">\n\t\t\t\t\t<div class=\"e-con-inner\">\n\t\t<div class=\"elementor-element elementor-element-3e9c0cb e-con-full e-flex e-con e-child\" data-id=\"3e9c0cb\" data-element_type=\"container\" data-e-type=\"container\">\n\t\t\t\t<div class=\"elementor-element elementor-element-36c4d3c9 elementor-widget elementor-widget-image\" data-id=\"36c4d3c9\" data-element_type=\"widget\" data-e-type=\"widget\" data-widget_type=\"image.default\">\n\t\t\t\t<div class=\"elementor-widget-container\">\n\t\t\t\t\t\t\t\t\t\t\t\t\t\t\t<img decoding=\"async\" width=\"1024\" height=\"768\" src=\"https:\/\/www.sneglehuset-privatpasningsordning.dk\/wp-content\/uploads\/2025\/05\/att.UH96a4qwOIOQEU8RVXF1CXTuEbyV_IVMUqdt0fhzmGE.jpeg\" class=\"attachment-large size-large wp-image-314\" alt=\"\" srcset=\"https:\/\/www.sneglehuset-privatpasningsordning.dk\/wp-content\/uploads\/2025\/05\/att.UH96a4qwOIOQEU8RVXF1CXTuEbyV_IVMUqdt0fhzmGE.jpeg 1024w, https:\/\/www.sneglehuset-privatpasningsordning.dk\/wp-content\/uploads\/2025\/05\/att.UH96a4qwOIOQEU8RVXF1CXTuEbyV_IVMUqdt0fhzmGE-300x225.jpeg 300w, https:\/\/www.sneglehuset-privatpasningsordning.dk\/wp-content\/uploads\/2025\/05\/att.UH96a4qwOIOQEU8RVXF1CXTuEbyV_IVMUqdt0fhzmGE-768x576.jpeg 768w\" sizes=\"(max-width: 1024px) 100vw, 1024px\" \/>\t\t\t\t\t\t\t\t\t\t\t\t\t\t\t<\/div>\n\t\t\t\t<\/div>\n\t\t\t\t<\/div>\n\t\t<div class=\"elementor-element elementor-element-6e6bd857 e-con-full e-flex e-con e-child\" data-id=\"6e6bd857\" data-element_type=\"container\" data-e-type=\"container\">\n\t\t\t\t<div class=\"elementor-element elementor-element-41d7a9aa elementor-widget elementor-widget-heading\" data-id=\"41d7a9aa\" data-element_type=\"widget\" data-e-type=\"widget\" data-widget_type=\"heading.default\">\n\t\t\t\t<div class=\"elementor-widget-container\">\n\t\t\t\t\t<h2 class=\"elementor-heading-title elementor-size-default\">Kreativ leg<\/h2>\t\t\t\t<\/div>\n\t\t\t\t<\/div>\n\t\t\t\t<div class=\"elementor-element elementor-element-7ed37fc3 elementor-widget elementor-widget-text-editor\" data-id=\"7ed37fc3\" data-element_type=\"widget\" data-e-type=\"widget\" data-widget_type=\"text-editor.default\">\n\t\t\t\t<div class=\"elementor-widget-container\">\n\t\t\t\t\t\t\t\t\t<p>Jeg tror p\u00e5, at kreativ leg er en vigtig del af b\u00f8rns udvikling, og derfor opmuntrer jeg b\u00f8rnene til at bruge deres fantasi og skabe deres egne unikke lege og projekter, som stimulerer deres kreativitet og selvtillid.<\/p>\t\t\t\t\t\t\t\t<\/div>\n\t\t\t\t<\/div>\n\t\t\t\t<\/div>\n\t\t\t\t\t<\/div>\n\t\t\t\t<\/div>\n\t\t<div class=\"elementor-element elementor-element-5d02383b e-flex e-con-boxed e-con e-parent\" data-id=\"5d02383b\" data-element_type=\"container\" data-e-type=\"container\">\n\t\t\t\t\t<div class=\"e-con-inner\">\n\t\t<div class=\"elementor-element elementor-element-2d38e8b5 e-con-full e-flex e-con e-child\" data-id=\"2d38e8b5\" data-element_type=\"container\" data-e-type=\"container\">\n\t\t\t\t<div class=\"elementor-element elementor-element-3eec3ffc elementor-widget elementor-widget-heading\" data-id=\"3eec3ffc\" data-element_type=\"widget\" data-e-type=\"widget\" data-widget_type=\"heading.default\">\n\t\t\t\t<div class=\"elementor-widget-container\">\n\t\t\t\t\t<h3 class=\"elementor-heading-title elementor-size-default\">Hjerterum til alle<\/h3>\t\t\t\t<\/div>\n\t\t\t\t<\/div>\n\t\t\t\t<div class=\"elementor-element elementor-element-55e21204 elementor-widget elementor-widget-text-editor\" data-id=\"55e21204\" data-element_type=\"widget\" data-e-type=\"widget\" data-widget_type=\"text-editor.default\">\n\t\t\t\t<div class=\"elementor-widget-container\">\n\t\t\t\t\t\t\t\t\t<p>Jeg byder alle b\u00f8rn hjerteligt velkommen hos Sneglehuset og bestr\u00e6ber os p\u00e5 at skabe en omsorgsfuld og inkluderende atmosf\u00e6re, hvor hvert enkelt barn f\u00f8ler sig set, h\u00f8rt og v\u00e6rdsat for den, de er.<\/p>\t\t\t\t\t\t\t\t<\/div>\n\t\t\t\t<\/div>\n\t\t\t\t<\/div>\n\t\t<div class=\"elementor-element elementor-element-653b0e9c e-con-full e-flex e-con e-child\" data-id=\"653b0e9c\" data-element_type=\"container\" data-e-type=\"container\">\n\t\t\t\t<div class=\"elementor-element elementor-element-24d4af7e elementor-widget elementor-widget-image\" data-id=\"24d4af7e\" data-element_type=\"widget\" data-e-type=\"widget\" data-widget_type=\"image.default\">\n\t\t\t\t<div class=\"elementor-widget-container\">\n\t\t\t\t\t\t\t\t\t\t\t\t\t\t\t<img decoding=\"async\" width=\"1024\" height=\"1024\" src=\"https:\/\/www.sneglehuset-privatpasningsordning.dk\/wp-content\/uploads\/2024\/03\/snail-6855730_1280-1024x1024.webp\" class=\"attachment-large size-large wp-image-202\" alt=\"\" srcset=\"https:\/\/www.sneglehuset-privatpasningsordning.dk\/wp-content\/uploads\/2024\/03\/snail-6855730_1280-1024x1024.webp 1024w, https:\/\/www.sneglehuset-privatpasningsordning.dk\/wp-content\/uploads\/2024\/03\/snail-6855730_1280-300x300.webp 300w, https:\/\/www.sneglehuset-privatpasningsordning.dk\/wp-content\/uploads\/2024\/03\/snail-6855730_1280-150x150.webp 150w, https:\/\/www.sneglehuset-privatpasningsordning.dk\/wp-content\/uploads\/2024\/03\/snail-6855730_1280-768x768.webp 768w, https:\/\/www.sneglehuset-privatpasningsordning.dk\/wp-content\/uploads\/2024\/03\/snail-6855730_1280.webp 1280w\" sizes=\"(max-width: 1024px) 100vw, 1024px\" \/>\t\t\t\t\t\t\t\t\t\t\t\t\t\t\t<\/div>\n\t\t\t\t<\/div>\n\t\t\t\t<\/div>\n\t\t\t\t\t<\/div>\n\t\t\t\t<\/div>\n\t\t<div class=\"elementor-element elementor-element-6d72bda e-flex e-con-boxed e-con e-parent\" data-id=\"6d72bda\" data-element_type=\"container\" data-e-type=\"container\">\n\t\t\t\t\t<div class=\"e-con-inner\">\n\t\t<div class=\"elementor-element elementor-element-4730ec7 e-con-full e-flex e-con e-child\" data-id=\"4730ec7\" data-element_type=\"container\" data-e-type=\"container\">\n\t\t\t\t<div class=\"elementor-element elementor-element-cf7b803 elementor-widget elementor-widget-image\" data-id=\"cf7b803\" data-element_type=\"widget\" data-e-type=\"widget\" data-widget_type=\"image.default\">\n\t\t\t\t<div class=\"elementor-widget-container\">\n\t\t\t\t\t\t\t\t\t\t\t\t\t\t\t<img loading=\"lazy\" decoding=\"async\" width=\"768\" height=\"1024\" src=\"https:\/\/www.sneglehuset-privatpasningsordning.dk\/wp-content\/uploads\/2025\/05\/att.0_vWyz04NyT13AIebpD1soB0wKzLfZuJ-oDKWf1IsOE.jpeg\" class=\"attachment-large size-large wp-image-321\" alt=\"\" \/>\t\t\t\t\t\t\t\t\t\t\t\t\t\t\t<\/div>\n\t\t\t\t<\/div>\n\t\t\t\t<\/div>\n\t\t<div class=\"elementor-element elementor-element-185fd01 e-con-full e-flex e-con e-child\" data-id=\"185fd01\" data-element_type=\"container\" data-e-type=\"container\">\n\t\t\t\t<div class=\"elementor-element elementor-element-1d7b3e7 elementor-widget elementor-widget-heading\" data-id=\"1d7b3e7\" data-element_type=\"widget\" data-e-type=\"widget\" data-widget_type=\"heading.default\">\n\t\t\t\t<div class=\"elementor-widget-container\">\n\t\t\t\t\t<h3 class=\"elementor-heading-title elementor-size-default\">Udfoldelse i natur<\/h3>\t\t\t\t<\/div>\n\t\t\t\t<\/div>\n\t\t\t\t<div class=\"elementor-element elementor-element-2ccfa2a elementor-widget elementor-widget-text-editor\" data-id=\"2ccfa2a\" data-element_type=\"widget\" data-e-type=\"widget\" data-widget_type=\"text-editor.default\">\n\t\t\t\t<div class=\"elementor-widget-container\">\n\t\t\t\t\t\t\t\t\t<p>Hos Sneglehuset giver jeg b\u00f8rnene mulighed for at udfolde sig i naturen, hvilket fremmer deres nysgerrighed og interesse for omverdenen, samtidig med at de f\u00e5r frisk luft, bev\u00e6gelse og mulighed for at fordybe sig i leg og kreativitet.<\/p><p>\u00a0<\/p>\t\t\t\t\t\t\t\t<\/div>\n\t\t\t\t<\/div>\n\t\t\t\t<\/div>\n\t\t\t\t\t<\/div>\n\t\t\t\t<\/div>\n\t\t<div class=\"elementor-element elementor-element-5e5138f7 e-flex e-con-boxed e-con e-parent\" data-id=\"5e5138f7\" data-element_type=\"container\" data-e-type=\"container\">\n\t\t\t\t\t<div class=\"e-con-inner\">\n\t\t<div class=\"elementor-element elementor-element-2e854a1 e-con-full e-flex e-con e-child\" data-id=\"2e854a1\" data-element_type=\"container\" data-e-type=\"container\">\n\t\t\t\t<div class=\"elementor-element elementor-element-4757d1c9 elementor-widget elementor-widget-heading\" data-id=\"4757d1c9\" data-element_type=\"widget\" data-e-type=\"widget\" data-widget_type=\"heading.default\">\n\t\t\t\t<div class=\"elementor-widget-container\">\n\t\t\t\t\t<h3 class=\"elementor-heading-title elementor-size-default\">Positivt l\u00e6ringsmilj\u00f8<\/h3>\t\t\t\t<\/div>\n\t\t\t\t<\/div>\n\t\t\t\t<div class=\"elementor-element elementor-element-19e3da03 elementor-widget elementor-widget-text-editor\" data-id=\"19e3da03\" data-element_type=\"widget\" data-e-type=\"widget\" data-widget_type=\"text-editor.default\">\n\t\t\t\t<div class=\"elementor-widget-container\">\n\t\t\t\t\t\t\t\t\t<p>Jeg fokuserer p\u00e5 en holistisk l\u00e6ringsp\u00e6dagogik hos Sneglehuset, hvor jeg prioriterer sprog, selvhj\u00e6lp, social kompetence, omsorg og hj\u00e6lpsomhed for at skabe en positiv og inkluderende l\u00e6ringsmilj\u00f8 for b\u00f8rnene.<\/p>\t\t\t\t\t\t\t\t<\/div>\n\t\t\t\t<\/div>\n\t\t\t\t<\/div>\n\t\t<div class=\"elementor-element elementor-element-28e819f2 e-con-full e-flex e-con e-child\" data-id=\"28e819f2\" data-element_type=\"container\" data-e-type=\"container\">\n\t\t\t\t<div class=\"elementor-element elementor-element-76308665 elementor-widget elementor-widget-image\" data-id=\"76308665\" data-element_type=\"widget\" data-e-type=\"widget\" data-widget_type=\"image.default\">\n\t\t\t\t<div class=\"elementor-widget-container\">\n\t\t\t\t\t\t\t\t\t\t\t\t\t\t\t<img loading=\"lazy\" decoding=\"async\" width=\"1024\" height=\"526\" src=\"https:\/\/www.sneglehuset-privatpasningsordning.dk\/wp-content\/uploads\/2024\/03\/brain-2062048_1280-1024x526.jpg\" class=\"attachment-large size-large wp-image-198\" alt=\"\" srcset=\"https:\/\/www.sneglehuset-privatpasningsordning.dk\/wp-content\/uploads\/2024\/03\/brain-2062048_1280-1024x526.jpg 1024w, https:\/\/www.sneglehuset-privatpasningsordning.dk\/wp-content\/uploads\/2024\/03\/brain-2062048_1280-300x154.jpg 300w, https:\/\/www.sneglehuset-privatpasningsordning.dk\/wp-content\/uploads\/2024\/03\/brain-2062048_1280-768x395.jpg 768w, https:\/\/www.sneglehuset-privatpasningsordning.dk\/wp-content\/uploads\/2024\/03\/brain-2062048_1280.jpg 1280w\" sizes=\"(max-width: 1024px) 100vw, 1024px\" \/>\t\t\t\t\t\t\t\t\t\t\t\t\t\t\t<\/div>\n\t\t\t\t<\/div>\n\t\t\t\t<\/div>\n\t\t\t\t\t<\/div>\n\t\t\t\t<\/div>\n\t\t\t\t<\/div>\n\t\t","protected":false},"excerpt":{"rendered":"<p>Velkommen til Sneglehuset Sneglehuset Sneglehuset\u00a0er en privat pasningsordning beliggende i Nord Ringe, drevet af Pia \u2013 en erfaren og engageret privat b\u00f8rnepasser. I Sneglehuset l\u00e6gger jeg stor v\u00e6gt p\u00e5 at skabe et trygt, omsorgsfuldt og inspirerende milj\u00f8, hvor hvert enkelt barn trives og udvikler sig i sit eget tempo. Jeg arbejder ud fra en p\u00e6dagogisk&#8230;<\/p>\n","protected":false},"author":1,"featured_media":0,"parent":0,"menu_order":0,"comment_status":"closed","ping_status":"closed","template":"","meta":{"_kad_post_transparent":"","_kad_post_title":"hide","_kad_post_layout":"fullwidth","_kad_post_sidebar_id":"","_kad_post_content_style":"unboxed","_kad_post_vertical_padding":"hide","_kad_post_feature":"hide","_kad_post_feature_position":"","_kad_post_header":false,"_kad_post_footer":false,"_kad_post_classname":"","footnotes":""},"class_list":["post-154","page","type-page","status-publish","hentry"],"yoast_head":"<!-- This site is optimized with the Yoast SEO plugin v27.5 - https:\/\/yoast.com\/product\/yoast-seo-wordpress\/ -->\n<title>Forside - sneglehuset-privatpasningsordning<\/title>\n<meta name=\"robots\" content=\"index, follow, max-snippet:-1, max-image-preview:large, max-video-preview:-1\" \/>\n<link rel=\"canonical\" href=\"https:\/\/www.sneglehuset-privatpasningsordning.dk\/\" \/>\n<meta property=\"og:locale\" content=\"en_US\" \/>\n<meta property=\"og:type\" content=\"article\" \/>\n<meta property=\"og:title\" content=\"Forside - sneglehuset-privatpasningsordning\" \/>\n<meta property=\"og:description\" content=\"Velkommen til Sneglehuset Sneglehuset Sneglehuset\u00a0er en privat pasningsordning beliggende i Nord Ringe, drevet af Pia \u2013 en erfaren og engageret privat b\u00f8rnepasser. I Sneglehuset l\u00e6gger jeg stor v\u00e6gt p\u00e5 at skabe et trygt, omsorgsfuldt og inspirerende milj\u00f8, hvor hvert enkelt barn trives og udvikler sig i sit eget tempo. Jeg arbejder ud fra en p\u00e6dagogisk...\" \/>\n<meta property=\"og:url\" content=\"https:\/\/www.sneglehuset-privatpasningsordning.dk\/\" \/>\n<meta property=\"og:site_name\" content=\"sneglehuset-privatpasningsordning\" \/>\n<meta property=\"article:modified_time\" content=\"2026-03-19T12:52:41+00:00\" \/>\n<meta property=\"og:image\" content=\"http:\/\/www.sneglehuset-privatpasningsordning.dk\/wp-content\/uploads\/2025\/05\/image0000031.webp\" \/>\n<meta name=\"twitter:card\" content=\"summary_large_image\" \/>\n<meta name=\"twitter:label1\" content=\"Est. reading time\" \/>\n\t<meta name=\"twitter:data1\" content=\"3 minutes\" \/>\n<script type=\"application\/ld+json\" class=\"yoast-schema-graph\">{\"@context\":\"https:\\\/\\\/schema.org\",\"@graph\":[{\"@type\":\"WebPage\",\"@id\":\"https:\\\/\\\/www.sneglehuset-privatpasningsordning.dk\\\/\",\"url\":\"https:\\\/\\\/www.sneglehuset-privatpasningsordning.dk\\\/\",\"name\":\"Forside - sneglehuset-privatpasningsordning\",\"isPartOf\":{\"@id\":\"https:\\\/\\\/www.sneglehuset-privatpasningsordning.dk\\\/#website\"},\"primaryImageOfPage\":{\"@id\":\"https:\\\/\\\/www.sneglehuset-privatpasningsordning.dk\\\/#primaryimage\"},\"image\":{\"@id\":\"https:\\\/\\\/www.sneglehuset-privatpasningsordning.dk\\\/#primaryimage\"},\"thumbnailUrl\":\"http:\\\/\\\/www.sneglehuset-privatpasningsordning.dk\\\/wp-content\\\/uploads\\\/2025\\\/05\\\/image0000031.webp\",\"datePublished\":\"2024-03-09T12:58:59+00:00\",\"dateModified\":\"2026-03-19T12:52:41+00:00\",\"breadcrumb\":{\"@id\":\"https:\\\/\\\/www.sneglehuset-privatpasningsordning.dk\\\/#breadcrumb\"},\"inLanguage\":\"en\",\"potentialAction\":[{\"@type\":\"ReadAction\",\"target\":[\"https:\\\/\\\/www.sneglehuset-privatpasningsordning.dk\\\/\"]}]},{\"@type\":\"ImageObject\",\"inLanguage\":\"en\",\"@id\":\"https:\\\/\\\/www.sneglehuset-privatpasningsordning.dk\\\/#primaryimage\",\"url\":\"https:\\\/\\\/www.sneglehuset-privatpasningsordning.dk\\\/wp-content\\\/uploads\\\/2025\\\/05\\\/image0000031.webp\",\"contentUrl\":\"https:\\\/\\\/www.sneglehuset-privatpasningsordning.dk\\\/wp-content\\\/uploads\\\/2025\\\/05\\\/image0000031.webp\",\"width\":851,\"height\":1130},{\"@type\":\"BreadcrumbList\",\"@id\":\"https:\\\/\\\/www.sneglehuset-privatpasningsordning.dk\\\/#breadcrumb\",\"itemListElement\":[{\"@type\":\"ListItem\",\"position\":1,\"name\":\"Home\",\"item\":\"https:\\\/\\\/www.sneglehuset-privatpasningsordning.dk\\\/\"},{\"@type\":\"ListItem\",\"position\":2,\"name\":\"Forside\"}]},{\"@type\":\"WebSite\",\"@id\":\"https:\\\/\\\/www.sneglehuset-privatpasningsordning.dk\\\/#website\",\"url\":\"https:\\\/\\\/www.sneglehuset-privatpasningsordning.dk\\\/\",\"name\":\"sneglehuset-privatpasningsordning\",\"description\":\"\",\"publisher\":{\"@id\":\"https:\\\/\\\/www.sneglehuset-privatpasningsordning.dk\\\/#organization\"},\"potentialAction\":[{\"@type\":\"SearchAction\",\"target\":{\"@type\":\"EntryPoint\",\"urlTemplate\":\"https:\\\/\\\/www.sneglehuset-privatpasningsordning.dk\\\/?s={search_term_string}\"},\"query-input\":{\"@type\":\"PropertyValueSpecification\",\"valueRequired\":true,\"valueName\":\"search_term_string\"}}],\"inLanguage\":\"en\"},{\"@type\":\"Organization\",\"@id\":\"https:\\\/\\\/www.sneglehuset-privatpasningsordning.dk\\\/#organization\",\"name\":\"sneglehuset-privatpasningsordning\",\"url\":\"https:\\\/\\\/www.sneglehuset-privatpasningsordning.dk\\\/\",\"logo\":{\"@type\":\"ImageObject\",\"inLanguage\":\"en\",\"@id\":\"https:\\\/\\\/www.sneglehuset-privatpasningsordning.dk\\\/#\\\/schema\\\/logo\\\/image\\\/\",\"url\":\"https:\\\/\\\/www.sneglehuset-privatpasningsordning.dk\\\/wp-content\\\/uploads\\\/2024\\\/03\\\/Sneglehuset-privat-logo.webp\",\"contentUrl\":\"https:\\\/\\\/www.sneglehuset-privatpasningsordning.dk\\\/wp-content\\\/uploads\\\/2024\\\/03\\\/Sneglehuset-privat-logo.webp\",\"width\":259,\"height\":194,\"caption\":\"sneglehuset-privatpasningsordning\"},\"image\":{\"@id\":\"https:\\\/\\\/www.sneglehuset-privatpasningsordning.dk\\\/#\\\/schema\\\/logo\\\/image\\\/\"}}]}<\/script>\n<!-- \/ Yoast SEO plugin. -->","yoast_head_json":{"title":"Forside - sneglehuset-privatpasningsordning","robots":{"index":"index","follow":"follow","max-snippet":"max-snippet:-1","max-image-preview":"max-image-preview:large","max-video-preview":"max-video-preview:-1"},"canonical":"https:\/\/www.sneglehuset-privatpasningsordning.dk\/","og_locale":"en_US","og_type":"article","og_title":"Forside - sneglehuset-privatpasningsordning","og_description":"Velkommen til Sneglehuset Sneglehuset Sneglehuset\u00a0er en privat pasningsordning beliggende i Nord Ringe, drevet af Pia \u2013 en erfaren og engageret privat b\u00f8rnepasser. I Sneglehuset l\u00e6gger jeg stor v\u00e6gt p\u00e5 at skabe et trygt, omsorgsfuldt og inspirerende milj\u00f8, hvor hvert enkelt barn trives og udvikler sig i sit eget tempo. Jeg arbejder ud fra en p\u00e6dagogisk...","og_url":"https:\/\/www.sneglehuset-privatpasningsordning.dk\/","og_site_name":"sneglehuset-privatpasningsordning","article_modified_time":"2026-03-19T12:52:41+00:00","og_image":[{"url":"http:\/\/www.sneglehuset-privatpasningsordning.dk\/wp-content\/uploads\/2025\/05\/image0000031.webp","type":"","width":"","height":""}],"twitter_card":"summary_large_image","twitter_misc":{"Est. reading time":"3 minutes"},"schema":{"@context":"https:\/\/schema.org","@graph":[{"@type":"WebPage","@id":"https:\/\/www.sneglehuset-privatpasningsordning.dk\/","url":"https:\/\/www.sneglehuset-privatpasningsordning.dk\/","name":"Forside - sneglehuset-privatpasningsordning","isPartOf":{"@id":"https:\/\/www.sneglehuset-privatpasningsordning.dk\/#website"},"primaryImageOfPage":{"@id":"https:\/\/www.sneglehuset-privatpasningsordning.dk\/#primaryimage"},"image":{"@id":"https:\/\/www.sneglehuset-privatpasningsordning.dk\/#primaryimage"},"thumbnailUrl":"http:\/\/www.sneglehuset-privatpasningsordning.dk\/wp-content\/uploads\/2025\/05\/image0000031.webp","datePublished":"2024-03-09T12:58:59+00:00","dateModified":"2026-03-19T12:52:41+00:00","breadcrumb":{"@id":"https:\/\/www.sneglehuset-privatpasningsordning.dk\/#breadcrumb"},"inLanguage":"en","potentialAction":[{"@type":"ReadAction","target":["https:\/\/www.sneglehuset-privatpasningsordning.dk\/"]}]},{"@type":"ImageObject","inLanguage":"en","@id":"https:\/\/www.sneglehuset-privatpasningsordning.dk\/#primaryimage","url":"https:\/\/www.sneglehuset-privatpasningsordning.dk\/wp-content\/uploads\/2025\/05\/image0000031.webp","contentUrl":"https:\/\/www.sneglehuset-privatpasningsordning.dk\/wp-content\/uploads\/2025\/05\/image0000031.webp","width":851,"height":1130},{"@type":"BreadcrumbList","@id":"https:\/\/www.sneglehuset-privatpasningsordning.dk\/#breadcrumb","itemListElement":[{"@type":"ListItem","position":1,"name":"Home","item":"https:\/\/www.sneglehuset-privatpasningsordning.dk\/"},{"@type":"ListItem","position":2,"name":"Forside"}]},{"@type":"WebSite","@id":"https:\/\/www.sneglehuset-privatpasningsordning.dk\/#website","url":"https:\/\/www.sneglehuset-privatpasningsordning.dk\/","name":"sneglehuset-privatpasningsordning","description":"","publisher":{"@id":"https:\/\/www.sneglehuset-privatpasningsordning.dk\/#organization"},"potentialAction":[{"@type":"SearchAction","target":{"@type":"EntryPoint","urlTemplate":"https:\/\/www.sneglehuset-privatpasningsordning.dk\/?s={search_term_string}"},"query-input":{"@type":"PropertyValueSpecification","valueRequired":true,"valueName":"search_term_string"}}],"inLanguage":"en"},{"@type":"Organization","@id":"https:\/\/www.sneglehuset-privatpasningsordning.dk\/#organization","name":"sneglehuset-privatpasningsordning","url":"https:\/\/www.sneglehuset-privatpasningsordning.dk\/","logo":{"@type":"ImageObject","inLanguage":"en","@id":"https:\/\/www.sneglehuset-privatpasningsordning.dk\/#\/schema\/logo\/image\/","url":"https:\/\/www.sneglehuset-privatpasningsordning.dk\/wp-content\/uploads\/2024\/03\/Sneglehuset-privat-logo.webp","contentUrl":"https:\/\/www.sneglehuset-privatpasningsordning.dk\/wp-content\/uploads\/2024\/03\/Sneglehuset-privat-logo.webp","width":259,"height":194,"caption":"sneglehuset-privatpasningsordning"},"image":{"@id":"https:\/\/www.sneglehuset-privatpasningsordning.dk\/#\/schema\/logo\/image\/"}}]}},"_links":{"self":[{"href":"https:\/\/www.sneglehuset-privatpasningsordning.dk\/index.php?rest_route=\/wp\/v2\/pages\/154","targetHints":{"allow":["GET"]}}],"collection":[{"href":"https:\/\/www.sneglehuset-privatpasningsordning.dk\/index.php?rest_route=\/wp\/v2\/pages"}],"about":[{"href":"https:\/\/www.sneglehuset-privatpasningsordning.dk\/index.php?rest_route=\/wp\/v2\/types\/page"}],"author":[{"embeddable":true,"href":"https:\/\/www.sneglehuset-privatpasningsordning.dk\/index.php?rest_route=\/wp\/v2\/users\/1"}],"replies":[{"embeddable":true,"href":"https:\/\/www.sneglehuset-privatpasningsordning.dk\/index.php?rest_route=%2Fwp%2Fv2%2Fcomments&post=154"}],"version-history":[{"count":118,"href":"https:\/\/www.sneglehuset-privatpasningsordning.dk\/index.php?rest_route=\/wp\/v2\/pages\/154\/revisions"}],"predecessor-version":[{"id":471,"href":"https:\/\/www.sneglehuset-privatpasningsordning.dk\/index.php?rest_route=\/wp\/v2\/pages\/154\/revisions\/471"}],"wp:attachment":[{"href":"https:\/\/www.sneglehuset-privatpasningsordning.dk\/index.php?rest_route=%2Fwp%2Fv2%2Fmedia&parent=154"}],"curies":[{"name":"wp","href":"https:\/\/api.w.org\/{rel}","templated":true}]}}